3, 7, 17
Suppose 0*a = 2*a - 10. Suppose -36 - 24 = -a*h. What are the prime factors of h?
2, 3
Suppose 0 = -3*u + 22 + 38. List the prime factors of u.
2, 5
Suppose 0*v = v. Suppose -q - 5*u = v, -2*q = -0*u - 3*u - 26. List the prime factors of q.
2, 5
Let s = 20 + -11. Suppose -3*i - 3 = -s. List the prime factors of i.
2
List the prime factors of 1*-1*(-12 - 27).
3, 13
Suppose -4*r + 128 = -60. List the prime factors of r.
47
Suppose -2*s + 500 = -5*b + 27, -2*s - 4*b + 500 = 0. List the prime factors of s.
2, 61
Let n(m) = 4*m**2 - m - 1. Let y be n(-1). Suppose s - c = 2*s + 31, y*c + 20 = 0. List the prime factors of 4/s - (-264)/26.
2, 5
Suppose -9*p + 15 = -12. List the prime factors of p.
3
Let a = -14 - -19. Suppose -3*c = -v - 11, 2*c + 5*v = -0*c - 21. Suppose a*t = c*t + 9. What are the prime factors of t?
3
Suppose 0 = -2*l + 315 + 47. What are the prime factors of l?
181
Let b(h) = 436*h**3 + 1. Let x be b(1). Suppose 4*l + 251 = 3*u, -4*u = 3*l + 94 - x. Suppose -6*w + w + u = 0. List the prime factors of w.
17
Suppose -5*h - 54 = -v, -5 = -5*h - 20. Suppose m - v = -3*r, -2*m - 2*m + 24 = r. What are the prime factors of r?
2, 3
Let s(g) = -g**3 + 6*g**2 - g + 6. Suppose 8*q - 30 = 3*q. Let y be s(q). Suppose -3*m = -4*b + 15 + 32, y = 3*b + 3*m - 9. What are the prime factors of b?
2
Suppose 2*w = t + 10, -2*t = w - 6*t - 5. Suppose 5*d - 3*h - 65 = 0, w*d + 2*h - 13 - 27 = 0. List the prime factors of d.
2, 5
Suppose -3*i + 3 = -258. What are the prime factors of i?
3, 29
Let k(y) = 24*y. Let v be k(1). Suppose -2 = 2*f - v. What are the prime factors of f?
11
Suppose -v - 2 = 5*n + 4, 0 = v - 5*n - 24. Suppose 7*z - 5 - v = 0. What are the prime factors of z?
2
Let t = -31 + 45. What are the prime factors of t?
2, 7
Let a = -6 - -10. Suppose -14 = -2*x + a*m, 3*x + 2*x - 53 = 4*m. What are the prime factors of x?
13
Let k(g) be the second derivative of -10*g**3/3 - g**2/2 + 4*g. What are the prime factors of k(-1)?
19
Suppose g + 2*x - 7 = -0*g, -2*g - 3*x + 12 = 0. Suppose 78 = 2*m + m. Suppose -g*r = -f - 33, 2*f - 68 = -3*r - m. What are the prime factors of r?
2, 3
Let y = -233 + 358. Suppose 5*i + 4*p = y, 5*p - p = 20. List the prime factors of i.
3, 7
Let w(h) = 5*h**3 - h**2 + h. Suppose -4*j + 0 = 8. Let f = 3 + j. What are the prime factors of w(f)?
5
Suppose 2*y - 1196 = -4*z + 6*y, -2*y - 2 = 0. What are the prime factors of z?
2, 149
Suppose -q = 2*q - 3. Suppose -q + 7 = 3*t. Suppose t*i - 24 = -i. What are the prime factors of i?
2
Suppose -g - 2*g = m - 120, -20 = -4*g. What are the prime factors of m?
3, 5, 7
Suppose 0 = -2*w + 5*w - 6. Suppose v - 53 = -3*p + 10, -2*v = w*p - 46. List the prime factors of p.
2, 5
Suppose -2*d + 200 = -2*k - 90, 0 = -2*k + 4*d - 290. Let t be (-194)/(-18) - (-4)/18. What are the prime factors of (-2)/t + k/(-11)?
13
List the prime factors of 0 + -1 - (-96)/2.
47
Let b = 1 + 3. Let z = b - -2. Suppose -3*n = z - 51. What are the prime factors of n?
3, 5
Suppose -220 - 180 = -4*d. Suppose -4*x = -3*x - 4*m - 37, 4*x = 4*m + d. Let w = -10 + x. What are the prime factors of w?
11
Suppose -3*y - 211 = -4*y - n, 5*y + 4*n = 1051. List the prime factors of y.
3, 23
Let c(o) = 2*o - 1. What are the prime factors of c(5)?
3
Let w = 80 + -53. List the prime factors of w.
3
Suppose -2 = 3*q + 3*i - 17, 2*i - 10 = 2*q. Suppose -c = -m - m + 7, q = 3*c - 4*m + 13. Let s = c - -7. List the prime factors of s.
2
Suppose -4 = u + 2*p, 5*u = 2*u - 5*p - 8. Let y(b) = -u*b + 3 - b**2 - 2*b + 3. What are the prime factors of y(-5)?
11
Suppose 0 = -2*p + 69 - 9. List the prime factors of p.
2, 3, 5
Suppose -2*h = -5*t + 3*h + 25, 0 = -4*t - 3*h - 8. Suppose t = 3*m - 11. What are the prime factors of 1 - (-2 + m + -16)?
3, 5
Let r(o) = -o**3 + 6*o**2 - 4*o - 1. Let b be r(5). Suppose -2*a = 0, n + 15 = b*n - 3*a. List the prime factors of n.
5
Let z(y) = 3*y**3 - y - 1. Let a be z(-1). Let r = -9 - a. List the prime factors of (-70)/r - 2/(-6).
2, 3
Suppose z + 4*z = -q + 47, 4*q = -2*z + 116. What are the prime factors of q?
3
Suppose 0 = -w, -2*n - 6*w + w = -166. List the prime factors of n.
83
Let d be (-3 - -2)*(2 + -11). Let n = d - 4. List the prime factors of n.
5
Suppose 4*d = 8 + 4. Suppose 0 = d*p - 4*p - 18. What are the prime factors of (p/(-5))/((-6)/(-20))?
2, 3
Let j(d) = d**2 + 3*d - 42. What are the prime factors of j(13)?
2, 83
Suppose 0 = 9*f - 4*f + 25. Let g = -8 - f. List the prime factors of (g - -5)*(-9)/(-2).
3
Let j(f) = -f**3 + 15*f**2 - 12*f - 7. List the prime factors of j(14).
3, 7
Suppose 3*f - 45 = -0*f. Suppose -3*r + 13 = 4*j, f = 4*r - 0*r + 3*j. What are the prime factors of r?
3
What are the prime factors of ((-213)/(-15) + 1)/(4/10)?
2, 19
Suppose 2*g + 2 + 0 = 0. Let i be (-1)/(g*(-2)/14). Let r(b) = -2*b - 5. What are the prime factors of r(i)?
3
Let k(b) = b**3 - 5*b**2 - 6*b - 14. Let q be k(6). What are the prime factors of (-256)/q + 14/(-49)?
2, 3
Let x = 18 - 2. Suppose -17*o + x*o = -4. What are the prime factors of o?
2
Suppose 4*a - 111 - 677 = 0. List the prime factors of a.
197
Let z = -7 + 10. What are the prime factors of 1 + 0 - -3*z?
2, 5
Let u(n) = n**2 + 2*n - 1. Let j be u(-3). Suppose -o = -13 - j. What are the prime factors of o?
3, 5
Let c(s) = 4*s**2 + s. Let f be c(-5). Suppose -2*v = -0*v + 2*h - 60, 0 = -4*v + h + f. List the prime factors of v.
5
Let u = -7 + 4. Let x = -115 + 59. What are the prime factors of x/(-6) + (-2)/u?
2, 5
Let a = 406 + -268. List the prime factors of a.
2, 3, 23
Let u = 29 - 21. List the prime factors of u.
2
Let s(o) = 2*o**2 + 18*o - 12. What are the prime factors of s(6)?
2, 3, 7
Suppose -2*w + 5*a + 71 = 0, w + 0*w = 4*a + 28. List the prime factors of (16/w)/((-2)/(-96)).
2
What are the prime factors of -2 - (0 + 808/(-4))?
2, 5
Let t = -15 - -205. What are the prime factors of t?
2, 5, 19
Suppose r + 8 = -r, -3*h = 5*r - 34. Suppose h = -3*v + 4*v. What are the prime factors of v?
2, 3
Suppose 0 = -3*g - 7 + 1, 0 = 4*s - 2*g - 16. Suppose s*m - 43 = -13. Let n = m + -7. List the prime factors of n.
3
Let d(z) be the third derivative of -z**6/120 - z**5/10 - 7*z**4/24 - 7*z**3/6 - 4*z**2. List the prime factors of d(-5).
3
Suppose -4*v = -132 + 48. Suppose 4*g - 5*r + v = 2*g, r = 2*g + 1. What are the prime factors of g?
2
Let l be -1 + 4 - (-62)/2. Let n(o) = -o**2 - o + 21. Let k be n(0). Let q = l - k. What are the prime factors of q?
13
Let j(i) be the second derivative of i**3/2 + 7*i**2 + 2*i. Let w be j(-10). What are the prime factors of 4 + (1 - 3) - w?
2, 3
Let u(o) = 5*o**2 + 3*o + 5. Let j be u(-2). Let x(c) = c**3 + 5*c**2 + 7. Let a be x(-5). Let m = j - a. List the prime factors of m.
2, 3
Suppose 0 = 3*c - 2*c - 6. Suppose 0 = 2*t - 7*t - 4*s + c, s = 3*t - 7. What are the prime factors of t?
2
Suppose 2*n - 5*m = 411, 106 = 2*n + 5*m - 295. List the prime factors of n.
7, 29
Suppose 6*h - 2*h = 668. Let m = h + -105. List the prime factors of m.
2, 31
Let i = 13 + 8. What are the prime factors of i?
3, 7
Let b be (2 - 38)/2*-1. Let v = b + -14. What are the prime factors of v?
2
Let s be -6*2/3 + 1. What are the prime factors of (3/2)/(s/(-8))?
2
Suppose 0 = -3*r + 4*r, 12 = 3*k - r. Let d(g) be the first derivative of g**2/2 + 4*g - 1. What are the prime factors of d(k)?
2
Let i = 30 + -13. List the prime factors of i.
17
What are the prime factors of (-1 + 5)*(-5)/((-140)/1407)?
3, 67
Let f be 1 + -1 + (6 - 1). Suppose -4*c + f*j + 39 = -27, c = j + 16. What are the prime factors of c?
2, 7
Let p = -38 + 2. Let o = p - -50. What are the prime factors of o?
2, 7
Let y(w) = -4*w + 6. Let m(r) = 5*r - 6. Let u(t) = 3*m(t) + 4*y(t). Let v be (-1)/1*1 - -1. What are the prime factors of u(v)?
2, 3
Suppose 6*c - 24 = 3*c. What are the prime factors of c/((-6)/(-9) + 0)?
2, 3
Suppose -2*c - c + 6 = 0. Let x(d) = 3*d**2 - 3*d + 2. What are the prime factors of x(c)?
2
Suppose -17 = -3*a + 4. List the prime factors of a.
7
List the prime factors of 0 - -2 - (7 - 9).
2
Suppose -6 = 3*b - 42. List the prime factors of b.
2, 3
Suppose 0*o - 36 = -o. Suppose -o = 4*z + u + 3*u, 4*u = -3*z - 28. Let l = z - -20. What are the prime factors of l?
2, 3
Let x(o) = 3*o**2 + 8*o + 6. Suppo